= 4*h - 2*h - 8. Suppose 0*i = h*i - 84. Suppose 0 = -3*n - 5 + 11, 0 = -5*p - 4*n + 43. Calculate the highest common divisor of p and i.
7
Let g(r) = 2*r**2 + 5*r - 1. Let s be g(-4). Suppose -s*b = -6*b - 100. Calculate the greatest common factor of b and 140.
20
Suppose k = -4*k - 5*s - 55, 4*k = 3*s - 51. Let h be (k/8)/(6/184). Let o = -6 - h. What is the greatest common factor of 60 and o?
20
Let i be -1 + (-3 - -6) + 108. Suppose -2*y = 3*y - i. Let w be (0 - 44)*22/(-4). Calculate the greatest common divisor of y and w.
22
Suppose -7*o + 4*o = 0. Suppose 0 = -3*x, 4*b + 0*b + 2*x - 8 = o. Suppose z - 2*z = f - 7, b*f = 4*z + 44. Calculate the highest common factor of f and 48.
12
Let p = -44 + 58. Suppose 141 = 5*a + 1. Calculate the highest common divisor of p and a.
14
Let l be -1*4 - (67 + 5)/(-8). Calculate the highest common divisor of 85 and l.
5
Let c be 4/6 - 142/6. Let q = -42 + 31. Let v = q - c. What is the greatest common factor of 30 and v?
6
Suppose 20 = 4*k - 12. Let x be 4/(-6) + 20/3. Let n = -4 + x. Calculate the highest common factor of n and k.
2
Let z = 112 - 96. What is the highest common divisor of 16 and z?
16
Let q = -52 - -71. What is the greatest common divisor of q and 133?
19
Let o = -11 - -23. Suppose -3*d + 4 = -5. Calculate the greatest common factor of d and o.
3
Let f = 2 + 3. Let n = -22 + 16. Let z be (4/n)/(4/(-6)). What is the highest common factor of f and z?
1
Suppose 2*h - 4 = -2*h. Suppose -2*y = -0*y - 4. Calculate the highest common divisor of y and h.
1
Suppose 5*b = 9*b. Suppose d + 4*u + 6 = b, u - 2*u = -4*d + 27. Let v = 70 - 28. What is the highest common divisor of d and v?
6
Suppose 1 + 39 = 2*y. What is the highest common factor of 5 and y?
5
Let s be 478/4 - 1/(-2). Suppose -20 = 4*q - s. Let b be (10/q)/((-2)/(-60)). What is the highest common divisor of b and 3?
3
Suppose q = -2*u + 10, 1 = 2*q + u - 19. Let v = 82 + -57. What is the greatest common factor of v and q?
5
Suppose -70 = -3*v - 22. Let b be -2 - -4 - (0 - 0). What is the highest common divisor of v and b?
2
Let h(r) = 5*r - 4. Let n be h(2). Calculate the greatest common factor of n and 15.
3
Let j be 5/(4/3 + -1). What is the highest common factor of 15 and j?
15
Let w(r) = -5*r**2 + 8*r + 6. Let a(z) = 11*z**2 - 17*z - 13. Let n(h) = 6*a(h) + 13*w(h). Let g be n(4). Calculate the greatest common factor of g and 60.
12
Suppose 20 = -w + 5*w. Calculate the greatest common factor of 25 and w.
5
Suppose 3*w + 0*w = 24. Suppose 5*t + 5 = -4*z, w = z - 2*t - 7. Suppose 154 = z*x - 11. What is the greatest common factor of 22 and x?
11
Let x = -27 + 41. Calculate the greatest common factor of x and 21.
7
Let u = 45 + -24. Let n = -23 + 38. Let x be ((-126)/n)/((-2)/20). Calculate the greatest common factor of u and x.
21
Let x = -73 - -129. Let r be 25/2 - (-96)/64. What is the highest common factor of x and r?
14
Suppose 20 = y - 20. What is the greatest common divisor of y and 160?
40
Let n(q) = 8*q - 2. Let o be n(4). Let v(y) = -y**3 - 8*y**2 - 5*y. Let t be v(-7). Let m = 34 + t. Calculate the highest common divisor of o and m.
10
Let j be (-1)/(-5) + 1386/70. Suppose 2*n + 4 = 4*n. Let l(x) = 20*x. Let y be l(n). What is the greatest common factor of j and y?
20
Suppose 4*p - z - 122 = 0, -4*p + 118 = z - 0*z. What is the greatest common divisor of 10 and p?
10
Let u(r) = -r**2 + 7*r - 4. Let i be u(6). Let j(k) = -k**3 + 5*k**2 - 3 + 2*k + 0 - 1. Let n be j(5). Calculate the highest common factor of n and i.
2
Let d = -60 - -86. Let f(t) = 2*t**2 - 4*t - 4. Let x be f(4). Let y = d - x. What is the greatest common factor of 14 and y?
14
Let t be ((-18)/(-45))/((-2)/10). Let d(r) = -47*r + 1. Let f be d(t). Suppose 0*b - b + 19 = 0. Calculate the highest common divisor of b and f.
19
Suppose -m = -5*g + 2*g - 15, m + 21 = -3*g. Let q be ((-22)/g)/(1/36). Let x be ((-6)/(-3) - 4)*-6. What is the greatest common factor of q and x?
12
Let a = 65 + 8. Let c be a + 0 + 9/(-3). Calculate the highest common divisor of c and 10.
10
Let f be (-64)/(-1)*41/82. Let m = 3 - -13. Calculate the highest common factor of f and m.
16
Suppose -s - 420 = -5*t + 3*s, -2*s = -5*t + 430. Calculate the greatest common divisor of t and 8.
8
Suppose -2*s - 6*u = -u, -2*u + 1 = s. Calculate the highest common factor of 3 and s.
1
Suppose -3*l + 88 = -7*l. Let v be (l/(-33))/(2/621). Calculate the highest common factor of v and 23.
23
Let t = 17 + -14. Calculate the highest common divisor of t and 33.
3
Suppose 0*x = -2*x + 8. What is the highest common divisor of 16 and x?
4
Suppose -d - d = 6, 2*d - 45 = -3*t. What is the greatest common factor of t and 17?
17
Let m be (245/77 - 4/22) + 431. What is the highest common factor of 62 and m?
62
Let f be (-2)/1 + -6 + 8. Suppose 4*p = -4, 0*y - 2*y - 4*p = 0. Let k be y/((-3)/(-33) - f). What is the greatest common factor of 242 and k?
22
Let i(s) = s**3 + 6*s**2 - 3. Let o be i(-6). Let p be (o/(-9) - -1)*6. Calculate the greatest common divisor of p and 4.
4
Suppose 5*m + 13 = 3. Let w(q) = -q**3 - 2*q**2 - 2*q. Let t be w(m). Calculate the highest common divisor of 2 and t.
2
Suppose 22 - 7 = 5*u. Let a(l) = -l**3 + l**2 - l - 2. Suppose 3*f = -f - 8, 14 = -2*r - 5*f. Let n be a(r). Calculate the highest common divisor of u and n.
3
Suppose -q + 41 = 2*x, -3*q + q = -2*x - 64. Calculate the greatest common divisor of 5 and q.
5
Let d(q) = -33*q - 3. Let o be d(-3). Suppose -4*h + 43 = 4*l - 9*h, 2 = 2*h. What is the greatest common divisor of l and o?
12
Let b be (-11)/3 + (-3)/9. Let j be b/(-14) - (-813)/21. Suppose 0 = -4*f - 2*i + 30, j = -0*f + 4*f - i. Calculate the greatest common factor of f and 27.
9
Let x be 18/(4*3/6). Suppose -55*i - 18 = -58*i. What is the highest common divisor of x and i?
3
Let t = 0 - -22. Calculate the greatest common divisor of 154 and t.
22
Let y = 8 - 2. Let l(i) = -i**3 + 6*i**2 - i + 6. Let j be l(y). Let f be (1 + j)/(-1)*-10. What is the greatest common factor of f and 80?
10
Let p be 6 - (-1)/1*2. Let t(a) = a**3 + 4*a**2 - 3*a + 2. Let u be t(3). What is the highest common divisor of p and u?
8
Suppose 7*c = 22*c - 90. What is the highest common divisor of 66 and c?
6
Suppose 2*c + 30 = 3*c. Let v = -20 + c. What is the highest common factor of v and 40?
10
Suppose 2*m + 2*m - 28 = 3*c, -2*m = -5*c - 28. Let o be (-32)/20*10/c. Suppose z = 3 + 17. Calculate the highest common divisor of o and z.
4
Let v = 114 - 22. Calculate the greatest common factor of v and 23.
23
Let y(i) be the first derivative of -3*i**2/2 - 9*i + 1. Let k be y(-6). Calculate the greatest common factor of 6 and k.
3
Suppose 2106 = 9*f - 972. What is the highest common factor of f and 38?
38
Let h(s) = 23*s**2 - 2*s + 2*s - 4. Let l be h(3). Suppose -l = -3*x - 14. Calculate the highest common divisor of x and 7.
7
Suppose 2*s + 0*l = -2*l + 1982, 5*s - 4951 = -l. Let j be s/35 + 4/(-14). Calculate the highest common divisor of 308 and j.
28
Suppose -6*o + o = -4*b + 40, -3*b - o = -11. What is the greatest common divisor of b and 1?
1
Suppose -m = 4 - 2. Let a be 4/((-6)/m + -2). Let d(r) = 4*r**2. Let n be d(a). What is the highest common factor of n and 16?
16
Let a = -159 - -288. Calculate the highest common factor of 86 and a.
43
Let i(z) = -190*z + 1. Let x be i(1). Let l = x - -277. What is the highest common factor of 8 and l?
8
Suppose 0*l - 12 = -2*l. Suppose l*h - 120 = h. Calculate the greatest common factor of 8 and h.
8
Suppose -2*b = -5*t - 43, 2*b - 17 = t + 6. Calculate the highest common divisor of 81 and b.
9
Let r = 22 + -14. Suppose -2*w = -24 - r. Calculate the highest common divisor of 112 and w.
16
Let b be 442 - (-5 + 4)*-1. Let u = 617 - b. Calculate the highest common factor of 16 and u.
16
Let p be 14 + (2*1 - 1). Suppose -3*o - 32 = -4*y, 2*o = 4*y - 2*o - 36. What is the highest common factor of y and p?
5
Suppose -3*o + 88 = -47. Calculate the greatest common divisor of 9 and o.
9
Let l = -10 + 13. Suppose 0 = l*g - 64 - 2. Calculate the highest common factor of 110 and g.
22
Let s(n) be the second derivative of n**3/6 - n**2 + n. Let q be s(12). What is the greatest common divisor of 20 and q?
10
Let o(k) = -k**3 - 7*k**2 + 10. Let f be o(-7).